)). What is the highest common factor of y and 29?
29
Suppose -b - 17 = -14. Let o be 0 - b - (-6 - -6). What is the highest common factor of o and 7?
1
Let o = -100 - -105. Suppose 4*i = -s - 11, -20 = -s - 4*s - o*i. Suppose -s*c + 341 = 53. What is the greatest common divisor of 12 and c?
4
Let d(f) = f**3 - 8*f**2 + 9*f - 13. Let q(o) = o**2. Let v(w) = d(w) - 4*q(w). Let t be v(12). What is the highest common factor of 10 and t?
5
Let g be (-6 - -9) + (1 + -4)/(-3). Let r be (-26)/(-65) + 98/5. What is the greatest common divisor of g and r?
4
Suppose 9*z - 5598 = -9*z. Let k = 326 - z. Let q be (16/5)/(4/150). What is the greatest common factor of q and k?
15
Suppose 3*m + 9*m = -6480. Let s = -124 + 178. Let k = s - m. What is the greatest common factor of k and 54?
54
Let y(x) = 3*x**2 + 28171*x**3 + 0*x**2 + x**2 - 28170*x**3 - 7*x. Let t be y(5). Calculate the highest common factor of t and 30.
10
Let a = 295537 - 295515. Suppose -2*r + 53 = -13. What is the highest common factor of r and a?
11
Suppose -7*c = -2*c - 340. Suppose 90 = 5*u + 4*x - 84, 4*x = u - 30. What is the greatest common divisor of u and c?
34
Suppose 0 = 5*f - 2*w - 7020, -5*f + 5*w - 403 = -7408. Calculate the greatest common factor of 74 and f.
74
Let a(g) = 28*g - 692. Let l be a(25). Calculate the highest common divisor of l and 6184.
8
Let o = -564 - -689. Let l = -217 + 292. What is the greatest common divisor of l and o?
25
Let y = 235 - 145. Let g = 270 - y. What is the greatest common factor of g and 12?
12
Let v(f) = f**3 + 19*f**2 - 4*f - 8. Let w be v(-8). Suppose -18*b + w = 10*b. Let u = 519 + -337. Calculate the highest common divisor of u and b.
26
Let r = -713 - -1728. Suppose -2019 = -4*g - 5*y, g + r = 3*g - 3*y. What is the greatest common factor of 22 and g?
22
Let i = -14 + 19. Suppose 2*h = 4*w - 10, -i*w = 2*h - 7*h. What is the highest common divisor of w and 4?
1
Suppose -5*b = -v + 9, 2*v + 4*b - 27 = 5. Let q be -28*(63/(-294))/(4/v). What is the greatest common factor of q and 3?
3
Let u be 246 + (-74 - (-48 - -20)). Suppose -4*y + 0*y + 212 = 0. Let f = -28 + y. Calculate the highest common factor of f and u.
25
Suppose -4*i - i + 120 = 0. Suppose -4*y + 7*a + 17*a = -296, 68 = 3*y + 4*a. Calculate the highest common factor of i and y.
8
Suppose 3*p = 5*t + 18, -2*p + 0*p + 5*t + 17 = 0. Let v(c) = 80*c**2. Let a be v(p). Suppose a = 5*o - 115. Calculate the greatest common divisor of 26 and o.
13
Suppose 2*i = -5*x + 2432, 5*x - 732 = 5*i - 6812. Suppose 4*h = 4*u - i, -u + 5*h = -365 + 61. Calculate the highest common factor of 48 and u.
16
Let y be 16 - (-2524)/8 - (-6)/4. What is the highest common divisor of y and 1258?
37
Let t = -3456 - -3566. Let q(m) = -m**3 + 8*m**2 - 7*m + 14. Let y be q(6). What is the highest common divisor of y and t?
22
Suppose 3*r + 5*r - 17056 = 0. Let p = -1232 + r. Calculate the highest common factor of p and 45.
45
Suppose 0 = -23*i - 2*i + 750. Let j(u) = -8*u - 3. Let w be j(-3). Let v = 27 - w. Calculate the highest common factor of i and v.
6
Suppose -4*n - j + 1952 = 0, -n - 14*j + 488 = -9*j. What is the highest common divisor of n and 32?
8
Suppose -22*u - 57*u = -3*u - 203148. Calculate the greatest common factor of u and 18.
9
Let g be 1 - -3*(-5)/(-3). Let s be (-2)/(-6)*g + -4. Let c be s*4/(-8)*4. What is the greatest common factor of 1 and c?
1
Suppose -3*m - 5*h = 25, 0 = 3*h - 2*h + 5. Let r be (-19)/(1/(-1) + m). Let a be -95*(436/20 - 22). Calculate the highest common divisor of a and r.
19
Suppose p = 13*m - 10*m + 103, -2*p = 3*m - 197. What is the greatest common divisor of 16 and p?
4
Let c = 259 - 412. Let p be 2482/6 - 51/c. What is the greatest common factor of p and 9?
9
Let k be (-1*(1 + 0))/((-69)/69). Let i be k*(8 - -19) - 0. What is the highest common factor of i and 837?
27
Let t(o) = -4*o**3 + o**2 - o - 2. Let n be t(-1). Let r be (15 + -25)*(-2 + n/5). Suppose -4*m + 9 + 23 = 0. What is the greatest common divisor of r and m?
4
Suppose 20*k - 12*k = 9*k - 34. What is the greatest common factor of 5066 and k?
34
Let d(m) = 2*m**3 - 78*m**2 - 8. Let a be d(39). Let n = 27 + a. What is the highest common divisor of n and 57?
19
Let v = -535 + 590. Suppose -3*k + 4*k = -4, -4*n = -5*k - 372. Let g = n - v. What is the highest common factor of 363 and g?
33
Let b(w) = -2*w**3 + 10*w**2 + 407*w + 309. Let n be b(17). Let u = 641 - 422. Calculate the highest common factor of u and n.
73
Let q = 36 + -34. Suppose -q*g - 2*d - 1 = 5, -5*d - 16 = 4*g. Let r be ((-1)/1)/(g/(-19)). Calculate the greatest common divisor of r and 57.
19
Let o(j) = 3*j**2 - 8*j + 13. Let f be o(2). Let d(h) = -h**2 + 13*h - 33. Let c be d(f). Calculate the greatest common factor of c and 21.
3
Let z = -45 + 49. Suppose 20 = -2*s + 3*s. Let d be (22/(-5))/(s/(-200)). Calculate the greatest common divisor of z and d.
4
Let z = -60 - -106. Suppose 9569 = 7*m - 54*m + 29027. Calculate the greatest common factor of z and m.
46
Let d be (-4)/(-18) + (-9)/(648/(-10352)). Let n be (5/3)/(4/d). What is the greatest common divisor of n and 100?
20
Suppose 3*i - 165 = 56*h - 51*h, h + 275 = 5*i. What is the highest common divisor of i and 19085?
55
Suppose -5*a + 7 = -2*q, 8*a - 7*a = 5*q - 17. Let v(g) = 6*g**2 - 20*g + 10. Let x be v(q). Calculate the highest common factor of 13 and x.
13
Let r be ((-192)/20 + -3)/(-1 - 34/(-40)). What is the highest common factor of 1776 and r?
12
Suppose 451 = 4*d - 3*t, -74*t + 78*t + 20 = 0. What is the highest common divisor of 1 and d?
1
Let r = -6971 - -6973. Suppose 2*p = 16 - 6. Suppose c + 3 = -q, -p*c + 10 = -r*q - 10. What is the highest common factor of c and 16?
2
Let d(g) be the first derivative of 2*g**2 - 16*g + 4. Let t be d(7). Let r be (9 + t)*1/1. Calculate the highest common divisor of 63 and r.
21
Let r(d) = d**3 + 6*d**2 - d - 6. Let f be r(-6). Let n(j) = -4*j + 27. Let b be n(f). Let i be 81 - -1 - 3/3. What is the highest common factor of b and i?
27
Let q(o) = 3*o**3 + 261*o**2 - 267*o - 253. Let d be q(-88). What is the greatest common divisor of d and 26213?
11
Let p(i) = -2*i**3 + 7*i + i**2 - 2*i - 6*i. Let q be p(-5). What is the highest common divisor of q and 16?
8
Let f = -22124 + 22709. What is the highest common factor of f and 60?
15
Let g = -2486 + 2576. Let r(t) = t + 2. Let q be r(-3). Let b be 267/9 + q/(-3). Calculate the highest common factor of b and g.
30
Let a be 44 + (20/25)/((-4)/(-50)). Calculate the greatest common divisor of 513 and a.
27
Suppose 0 = -10*k + 25*k - 525. Calculate the greatest common factor of k and 2135.
35
Let p be (-52)/13 + (177 - -3) + 0. Suppose -6*m = -14*m + p. What is the highest common factor of 4 and m?
2
Let f be (-42*(-160)/840)/(2/144). What is the highest common divisor of 207 and f?
9
Let b be -4*(-4)/8*8658/36. Calculate the highest common factor of 52 and b.
13
Let k be (-37 + 32 + 11/2)*4. Let s = -6 + 9. Suppose i - 4 = -3*p, -10 = -s*i + 2*p + 2. What is the highest common factor of k and i?
2
Suppose m - 1215 = -s, -4*m - 3642 = -7*m - 4*s. What is the greatest common divisor of 42 and m?
42
Suppose 312 = 3*c - 216. Let l = c - 140. Calculate the greatest common divisor of l and 12.
12
Suppose -137*k + 79*k = 319*k - 2087449. What is the greatest common divisor of k and 49?
49
Let l = 13430 - 13285. What is the highest common divisor of l and 60?
5
Let o = -7188 + 10366. Calculate the highest common factor of o and 14.
14
Suppose -4*f = -3*f + 61. Let r(k) = 43*k + 144. Let m be r(-4). Let t = m - f. Calculate the greatest common divisor of t and 55.
11
Let o be 0 + -1 + 7777 + -7 + -7 + 22. What is the greatest common factor of 14 and o?
14
Let k(b) = -6*b**3 - 3*b + 1. Let r be k(-2). What is the highest common factor of r and 9295?
55
Suppose -19*p = -21*p + 204. Suppose -8*w = -5*w - p. Suppose -4*t = -w + 14. Calculate the highest common divisor of 4 and t.
1
Let c = -9840 - -9850. Calculate the greatest common divisor of 9040 and c.
10
Let w(n) = n**2 - 8*n + 9. Let j be (-2)/10 - -39*10/75. Let u be w(j). Let y be (0 + (-70)/(-15))*u/(-7). Calculate the highest common factor of y and 36.
4
Let f(y) = -15*y - 35. Let r = -253 + 248. Let z be f(r). Let p = 25 - 17. Calcul